at is 4 + 14 - (8 + 2)?
8
What is 1 + 6 - (13 - 5)?
-1
8 + (-4 - 0 - 2) + 3
5
What is the value of -6 + (-7 + (1 - -2) - -6)?
-4
Evaluate -7 - (-9 - (-1 - 2)).
-1
Calculate 2 - (8 + -5) - 1.
-2
Evaluate 0 + (2 - (2 - -3)).
-3
Evaluate 17 + -11 + (2 - 1).
7
-4 - (-6 - -3) - (-1 + 4)
-4
-3 - -1 - (2 + 0 + 0)
-4
What is the value of -4 + -1 + 4 + -3?
-4
What is 20 + -20 + (3 - 1) + -4?
-2
0 + -1 + (13 - (-5 + 20))
-3
Calculate (2 - -2 - (3 - 1)) + 2.
4
What is the value of -929 - -934 - (1 + 0 + 8)?
-4
What is the value of -17 - (12 + -4 - 16)?
-9
What is the value of 3 + -12 - (-9 + 4)?
-4
Calculate 3 - 3 - (4 - 0).
-4
(10 - (-2 - -3)) + -14
-5
(0 + -3 - -1) + (4 - 6)
-4
What is the value of 7 - 3 - (5 + 1)?
-2
-13 + 17 + (-2 - 0)
2
Evaluate 0 - 6 - (-33 + 23).
4
Calculate -5 - (-3 + (-5 - -2)).
1
Evaluate 0 - -7 - (-14 + 13).
8
5 + -15 + 13 - (0 + -5)
8
What is the value of 0 + (-1 - -1 - (-2 + 1))?
1
-3 + (-5 + 2 - 3) - -2
-7
(2 - (2 + -1)) + -5 + 0
-4
What is the value of 12 + (4 - (9 + 3))?
4
What is the value of 0 - (3 - (-2 - -2 - 0))?
-3
Evaluate (-3 - (-8 - -4)) + 1.
2
What is the value of 1 - (-1 + -3 - -7) - -2?
0
What is (-33 - -28) + (1 - -1 - -7)?
4
6 + -5 - (13 - 8)
-4
What is the value of 6 + (-1 - -1 - 6)?
0
What is the value of 4 - (6 + -2 - -4)?
-4
What is the value of 1 + (3 - (-1 - -6))?
-1
Evaluate -1 + -4 - (-2 + 0) - -5.
2
(5 + -8 - -5) + 0 - 0
2
11 - (-25 + 15 - -11)
10
What is the value of (-5 - 0) + 5 - -5 - 7?
-2
Calculate -5 + 1 - (-34 - -33).
-3
Calculate (-13 - -6) + (0 - 1 - -16).
8
Calculate (1 - 2) + (2 - -1).
2
Calculate 2 - ((2 + -3 - 0) + -2).
5
Calculate 7 + -10 + -5 - (-2 + -1).
-5
Calculate -3 + 1 - (1 + 5 - 5).
-3
Calculate -3 - 1 - -2 - 1 - -2.
-1
What is (-4 + (4 - 2) - -3) + 4?
5
What is the value of (4 - 7) + -2 - -1?
-4
What is the value of -2 + 18 - (61 + -49)?
4
Evaluate -8 - (-7 - (-9 + 2)).
-8
Evaluate -2 + -5 + 58 + -56.
-5
What is (-2 - -1) + 3 + -2?
0
(-4 - (13 - 9)) + 8
0
Calculate (-6 + 4 - -9) + -1.
6
Evaluate 0 + (-1 - (-7 + 11)).
-5
What is the value of -6 - ((-16 - 0) + 7)?
3
What is the value of -7 + (3 - 0 - -5 - -1)?
2
Calculate -2 - (1 - (3 + 1)).
1
Calculate 2 + -8 - ((0 - -6) + -14).
2
Calculate (-1 - (1 + 4)) + 8 - -3.
5
Evaluate -11 - (4 - -3 - 15).
-3
2 - 0 - (9 + -14)
7
What is -2 - (2 + -8 + 1)?
3
What is 0 - 0 - -2 - (10 + -9)?
1
What is -21 + 24 - (-4 + 8)?
-1
What is -1 - (-2 + (16 - 11))?
-4
46 + -49 - (-5 - 1)
3
Evaluate -13 + 10 + -1 + -1 + 2.
-3
What is -4 + (3 - 0) + (-5 - -2)?
-4
8 + (0 - (-2 + 1)) + -5
4
Evaluate -1 + -5 - (15 - 17).
-4
-8 + (-3 + (-5 - -9) - -4)
-3
What is the value of -1 + 5 - (2 + -1)?
3
Evaluate -1 + 3 + (4 - 4) + -3.
-1
Evaluate (-1 - -1) + 1 - (5 + -10).
6
What is the value of 3 - (6 + 1 - -2)?
-6
What is the value of 2 - (-1 - 0) - 5 - 2?
-4
What is -1 + (-8 - -4) - -2?
-3
What is the value of 0 - 4 - (-12 + 10)?
-2
What is (3 - (3 + 5) - -5) + 6?
6
What is (1 - 1) + (-11 - -11) - 2?
-2
What is the value of 4 + -4 + (5 - (2 - -2))?
1
-2 + (-3 - (-4 - (-1 - 1)))
-3
3 + (-1 - (-1 + -2 + 4))
1
Evaluate -8 + 6 + -1 + 0.
-3
(40 - 39) + 0 + 4
5
What is 8 - 3 - (2 + -2)?
5
What is the value of 2 + (11 - (21 - 7))?
-1
Calculate (0 - 11 - -7) + 11.
7
Evaluate 2 + (-2 - -3) + -1.
2
Evaluate -7 + 7 + -9 + 3.
-6
-4 - (-4 + (-1 - -2)) - 3
-4
2 + -20 + 4 + 2 + 6
-6
What is the value of 4 + (-2 - 0) - -1 - 4?
-1
What is (-1 - -2) + (2 - 4) + -4?
-5
Calculate (-12 - (-8 + 0)) + 7 + -4.
-1
Calculate -4 - (-4 - 0) - -5.
5
1 + -4 - (8 + -4 - 5)
-2
What is the value of 0 - 0 - (2 + 1 + -3)?
0
What is 0 - ((-2 - (3 - 8)) + -2)?
-1
1 - 6 - (-4 + -1)
0
What is 0 + -3 + (-1 - (-6 - -1))?
1
Evaluate 10 - 1 - (-4 + -3 + 11).
5
-3 - (-7 + -3 + 14)
-7
3 - (-2 - -2) - 4
-1
What is the value of (0 - (15 - 3) - -4) + 1?
-7
What is (2 - 6) + 0 + 5?
1
Evaluate 1 + (-1 - 2) + (0 - -2).
0
What is -8 - (-5 + 5 + -6)?
-2
Evaluate -4 - -4 - 4 - -3.
-1
(-24 - -24) + -1 + 0
-1
What is the value of 6 + (3 - 0) + -6 + -5?
-2
What is 2 - (4 + -1) - -4?
3
2 + 5 + -7 - (-1 - -3)
-2
What is (-2 - -3) + -1 - 2?
-2
What is (-1 - (2 + -8)) + (-15 - -14)?
4
What is the value of (-2 - 0) + (-18 - -21)?
1
Evaluate 0 - 8 - (72 - 82).
2
Evaluate 13 - (-1 + -6 + 14).
6
What is -4 - (0 + -4 + (-2 - -4))?
-2
Calculate -11 + 7 - (-3 + 2).
-3
What is -17 + 20 - ((-1 - -2) + 1)?
1
-2 - -5 - 3 - (0 + 4)
-4
What is -3 + -3 + -2 - -5?
-3
Evaluate 7 + 1 - 10 - 4.
-6
Evaluate (3 - 6) + 5 + 2.
4
0 + -1 + 0 + 9 + -5
3
What is (4 - -1 - -2) + -1 - 2?
4
2 + 1 + -5 + -2 + -2
-6
What is 3 + -6 + 5 - 2?
0
Calculate -1 - (4 - (-6 + 9)).
-2
-1 - 3 - (-6 - 3)
5
(27 - 22) + 1 + -4
2
Calculate -6 + -10 + 11 + 3.
-2
Evaluate -27 + 27 + (1 - 2 - 3).
-4
Evaluate -3 + (-3 + 1 - (1 - 1)).
-5
Calculate 4 + 1 + -6 + (-2 - 2).
-5
-4 + (-1 + 2 - -2) + -3
-4
What is the value of (-7 - (-4 - -2)) + 3 + 1?
-1
Calculate (-16 - -12) + (-1 - -5) - -3.
3
Calculate -1 + 6 - (-2 + (3 - -3)).
1
What is the value of 3 + -3 + -1 + 7 + -5?
1
Calculate -31 + 34 - ((2 - 2) + -1).
4
-6 + (-1 - -6) - -4
3
18 + -11 + -12 + 0
-5
Calculate 1 - (1 - -10 - (4 - 0)).
-6
What is 2 + -1 + (3 - 4 - -8)?
8
Evaluate -5 + 5 + 0 - 0.
0
What is the value of (2 - -6) + -2 + -1?
5
Calculate (2 - 2) + (4 - -3) + -4.
3
-3 + 2 - ((-3 - -2) + 6)
-6
Calculate -87 - -85 - (1 + (1 - 1)).
-3
144 + -139 + -1 + 3 + -9
-2
Calculate -4 + 1 - 2 - -3.
-2
What is the value of (13 + -10 - -4) + -8?
-1
What is -1 + -7 + -3 + 14?
3
What is the value of -1 - (-2 + 4 + -1)?
-2
What is the value of (8 - -1 - (-22 + 26)) + -5?
0
What is the value of -6 + -2 + 0 + 4 + 1?
-3
What is -1 + -2 - (-6 + 2 + 2)?
-1
What is 16 + -5 - -2 - 24?
-11
What is the value of -4 - (5 + -10) - (-1 - 1)?
3
Calculate 11 + -2 + -16 - -4.
-3
What is the value of 2 + 5 - (4 + 0)?
3
What is the value of 32 - 26 - (6 + -2)?
2
Calculate 6 - (0 + 1 + 3).
2
What is the value of -11 - (-8 + 4 + -10)?
3
12 + -19 + (3 - -9)
5
What is the value of -4 - (-2 - 5) - -1 - 2?
2
What is 6 - (-3 + 4) - -2 - 2?
5
What is the value of (-1 - 0) + 5 - (-56 + 57)?
3
What is (-2 - 5) + -8 + 21 + 2?
8
2 + 1 + 5 + -2 + -5
1
Calculate -2 - 2 - (7 - 15).
4
Calculate 6 + 1 + (4 - 6) + -2.
3
0 + 4 + -3 + (-1 - 1)
-1
Evaluate -5 - 0 - -16 - 5.
6
What is (-2 - 2) + -21 + (15 - 1)?
-11
-3 - -6 - 15 - (4 + -9)
-7
Calculate 0 + 5 + -5 + 0.
0
(6 - 2) + -8 - -4
0
What is the value of (-1 + -2 - (-29 + 25)) + 3?
4
-3 - -1 - (-7 + 7 + -4)
2
3 + (1 - 3) + (11 - 15)
-3
Calculate -1 - (2 + (4 - -5)) - -5.
-7
Calculate 0 + 7 + -5 + 6 - 1.
7
Evaluate -1 - (-9 + (-3 - -7)).
4
Calculate 1 + 5 - 2 - -5.
9
Evaluate (-6 - -2) + 4 - -1.
1
What is 0 + 16 + 282 + -290?
8
What is the value of 0 - -2 - (-1 + -7 + 7)?
3
What is -9 - (1 + (4 - (1 - -5)))?
-8
(9 - 9 - -2) + -4
-2
What is the value of 3 + 0 + 0 + 1?
4
What is the value of -7 - (6 - (-5 - -18))?
0
What is -2 + 0 + -3 - (-22 - -18)?
-1
-3 + (-5 - -4) + (-5 - -6)
-3
What is the value of 2 + -4 - (-1 + (0 - -2))?
-3
Calculate 27 + -21 - (1 + 0 + 0).
5
-1 + 2 - -7 - 2 - 0
6
What is the value of (3 - (-3 - -8)) + (-7 - -3)?
-6
-1 + 6 + 3 + -5 - 4
-1
What is the value of (-6 - -4) + (0 - -4)?
2
What is -3 + (6 - (-3 - (-10 + 3)))?
-1
What is the value of (12 - 7) + (-5 - -6) + 3?
9
Calculate 1 - (-1 + -3 - (6 + -9)).
2
What is -7 - ((-1 - (-8 + 5)) + -5)?
-4
11 + -12 + 6 + (-2 - 0)
3
-4 - (-7 + -4 + 8)
-1
Evaluate (-21 - -18) + (5 + 1 - 2).
1
What is (-6 + 0 - -1) + 2?
-3
Calculate (-2 - 0 - -4) + -3 - 0.
-1
What is the value of -11 + 5 - -9 - 9?
-6
Evaluate (1 - 2) + -27 + 27.
-1
What is (-43 - -41) + (-1 - -9)?
6
Calculate 5 + 7 + -15 + 4.
1
Calculate 16 + (2 - -11 - 24).
5
-10 - (-9 + 3 - -2)
-6
Calculate 2 + 4 + -1 - (2 + -1).
4
What is the value of (-11 - 0) + (-160 - -174)?
3
What is 3 + (1 - (8 - 2))?
-2
What is the value of -1 + 0 + (-33 - -26) + 6?
-2
-1 - (-5 + 7 - 8)
5
14 + 2 + -10 - 12
-6
What is the value of 1 + (3 - 0 - (2 - 0))?
2
Evaluate -5 - (-2 + (3 - 0) + -3).
-3
Evaluate (-7 + 3 - 1) + 1.
-4
What is (2 - 6) + -6 + 7 - 2?
-5
(7 - 3) + -30 + 19
-7
(1 - 3) + -4 + (4 - -6)
4
Calculate -6 - ((2 + -2 - -4) + -5).
-5
(2 - 9 - 2) + 4
-5
Evaluate 5 + -9 + (-5 - -8).
-1
What is -11 + 3 - (22 + -28)?
-2
7 - (8 - (-2 - -6))
3
What is the value of (4 - 9 - -3) + 3?
1
What is the value of 